ivisor of 180 and z.
20
Let f(o) = 9*o - 9. Let k be f(19). Calculate the greatest common factor of 18 and k.
18
Let n = 19 + -29. Let a(d) = -d**2 - 10*d + 4. Let z be a(n). Calculate the highest common divisor of z and 8.
4
Let v be 0 - (0 + -1)*30. Let y(a) = -a + 5. Let c be (-4)/8 + (-15)/(-6). Let s be y(c). What is the highest common divisor of v and s?
3
Let q be ((-32)/6 - 0)*-3. What is the highest common factor of q and 2?
2
Suppose 5*d - 1537 = 133. Suppose -3*x + 1666 = 2*x + 4*q, -x - q = -d. Calculate the greatest common divisor of 30 and x.
30
Let y(q) = -2*q**3 - q**2 + 2*q + 1. Let u be y(-2). Let i be (17 - 2)*(-4)/(-5). Let p be (9/i)/((-1)/(-12)). What is the highest common divisor of u and p?
9
Let v(x) = -x**3 + 3*x**2 - x - 1. Let i(t) = -3*t**2 - 1 + 4*t**2 + 2. Let k be i(-1). Let q be v(k). What is the greatest common factor of q and 5?
1
Let d(s) = 8*s. Let c be d(3). Let o be ((-3)/(-4))/((-54)/(-2592)). Calculate the highest common factor of c and o.
12
Let d(q) = 5*q + 14. Let b be d(10). What is the highest common divisor of b and 16?
16
Suppose -x + 5*i + 0*i = 10, 5*x = i - 50. Let j = x + 18. Suppose 0*l - j = -4*l. What is the highest common divisor of 14 and l?
2
Let y(q) = -2*q**2 + q + 2. Let o(f) = -4*f**2 + f + 4. Let n(j) = 4*o(j) - 9*y(j). Let w be n(4). Calculate the greatest common divisor of 4 and w.
2
Let y be (-4 - -76) + -1*2. Let d = 1 + 9. Calculate the greatest common divisor of d and y.
10
Let i be (0 - 56/12)*6*-1. What is the greatest common factor of 70 and i?
14
Let f be (-1 + 25)*20/16. Calculate the greatest common factor of f and 45.
15
Let x be (-14)/(20/(-9) + 2). Calculate the greatest common divisor of 21 and x.
21
Let r = 1 - -13. Let x be ((-2)/(-6))/((-1)/(-21)). Calculate the greatest common factor of r and x.
7
Suppose -3*o + 7 + 38 = 0. Suppose g = 0, 4*h - 32 = 5*g + 28. Calculate the highest common divisor of h and o.
15
Suppose 2*i - 13 = -1. Suppose i*b - 3*b = 0. Let p be (b + -1)/(2/(-20)). What is the greatest common divisor of p and 4?
2
Let o be ((-192)/(-9))/((-2)/6). Let h be o/(-6) - 6/(-18). Calculate the greatest common divisor of h and 33.
11
Let r = 33 + -6. Calculate the greatest common divisor of 216 and r.
27
Let k(o) be the second derivative of o**3/6 + 9*o**2/2 + 3*o. Let b be k(-8). What is the greatest common divisor of b and 1?
1
Let z be (14 + -39)*2/(-5). Calculate the greatest common factor of 160 and z.
10
Suppose -2*g - 2*g = 0. Suppose g*t = -5*t + 55. Calculate the highest common divisor of 11 and t.
11
Let o be -4 - -5 - 14*(1 - 2). Calculate the greatest common factor of 90 and o.
15
Suppose w = -3*r + 4*r - 28, -5*w + 4*r = 135. Let o = w - -50. Suppose 2 = f, d - 5 - 8 = -2*f. Calculate the highest common factor of d and o.
9
Suppose 4*t - 88 = 5*v, -4*t = -2*v + 7*v - 128. Suppose 55 = 4*b + 3*a, a - t = 5*b - 110. Suppose 4*p - 28 = 4. What is the highest common divisor of p and b?
8
Let l be (-4)/(-14) + 2320/14. Suppose 0 = 5*a + 4*c - l, 4*a + 5*c - 57 - 74 = 0. Let g = a - 18. Calculate the greatest common divisor of 176 and g.
16
Let u = -39 - -84. What is the greatest common factor of 9 and u?
9
Let z(q) = 2*q**2 - 4*q - 9. Let v be z(5). What is the highest common factor of v and 14?
7
Let y(q) = -5 + 3 + 2*q + 4*q + q**2. Let s be y(-4). Let p = s - -25. What is the highest common divisor of 45 and p?
15
Let g be -3*(2 - (-17)/(-3)). Let d = -6 + g. Suppose -5*w = 3*v - 148, d*v + 2*w - 261 = 11. Calculate the greatest common factor of v and 14.
14
Let p be 4/(-18) + 304/72. Suppose 0 = g + p*m - 24, g + 2*g = -5*m + 58. What is the highest common divisor of g and 32?
16
Let j = 371 + -245. What is the greatest common factor of 18 and j?
18
Let w be 30*2*(125/20 - 4). Calculate the highest common divisor of 54 and w.
27
Let m be 3*(-1 + (-740)/(-12)). Suppose 5*r = -j + m, 170 = 5*r - 8*j + 3*j. Calculate the highest common factor of r and 9.
9
Let i be 3/(-4)*(-1 + -27). Suppose 0 = -2*y - 2*y + 16. Let z = y + -1. Calculate the greatest common factor of z and i.
3
Let i = -6 + 7. Calculate the highest common divisor of i and 2.
1
Let o = -162 - -269. Suppose 0 = -l - 3*n + 123, -4*l + 424 = -n - o. Let p be (-3)/10*-4*10. What is the greatest common divisor of l and p?
12
Suppose -i - 1 = -7. Let j(r) = -r**3 + 7*r**2 - 8*r + 13. Let d be j(i). What is the greatest common factor of 3 and d?
1
Let n = 656 + -1010. Let l = 529 + n. What is the greatest common divisor of 25 and l?
25
Suppose 3*r - 5*h = 257, 118 = 3*r + 4*h - 103. Let y = -19 + r. Calculate the greatest common divisor of y and 15.
15
Let r = -3 - -15. Suppose j - v - 1 = -2*v, 0 = j + 4*v + 2. Let n be (16/(-10))/(j/(-5)). Calculate the highest common factor of r and n.
4
Suppose -g + 3*g + 4*y = 192, 3*g - 267 = y. Calculate the greatest common factor of g and 10.
10
Suppose 10*o - 4*o = 180. What is the greatest common divisor of o and 135?
15
Suppose 4 + 6 = t. Let u be 22*3*10/6. Calculate the highest common factor of u and t.
10
Let l(y) = 6*y**2 + 2*y - 1. Let w be l(2). Let x(v) = -17*v - w*v + 17*v. Let d be x(-1). What is the greatest common divisor of 3 and d?
3
Let q(y) = 3*y - 8. Suppose n - 12 + 4 = 0. Let k be q(n). Let x = -22 + 38. Calculate the highest common divisor of x and k.
16
Suppose 20*m - 754 = 286. What is the highest common factor of 364 and m?
52
Suppose 0 = 177*q - 181*q + 220. Calculate the highest common divisor of q and 11.
11
Suppose -3*n + 350 = 2*n. Let c(m) = -m**2 - 7*m + 1. Let q be c(-6). Suppose 4*y - q*y = -84. What is the highest common divisor of n and y?
14
Suppose -3*g + 20 = -2*x, 2 = -3*x + 4*x. What is the highest common divisor of 20 and g?
4
Let p(w) = -4*w - 1 + 0 + 3*w + 12*w**2. Let n be p(-1). Let j = n - 2. Calculate the greatest common divisor of 10 and j.
10
Let z be (4/(-3))/(8/(-36) + 0). Calculate the highest common factor of z and 6.
6
Let p(i) = -i**3 + 4*i**2 - i - 3. Let h be p(3). Let k be 0 + (71 - h)/2. Calculate the highest common factor of k and 51.
17
Let l = 8 + -11. Let a = l + 5. Let b be (a/(-5))/(3/(-120)). What is the greatest common divisor of 16 and b?
16
Let q(a) = 9*a - 50. Let i be q(10). What is the highest common factor of 200 and i?
40
Let i = -29 + 39. Calculate the highest common divisor of 130 and i.
10
Let s be 2/4 - 42/12. Let y be (-14)/6 - 1/s. Let o be (-1 - 0) + y - -69. What is the highest common divisor of 6 and o?
6
Let v(p) = -6*p**2 + 26*p - 3. Let w be v(4). Calculate the greatest common divisor of 2 and w.
1
Suppose q + 1 = 0, p + 3*q - 21 = -2. Suppose -5*c + 26 + 174 = 0. Suppose 5*w - 1 = -l, 0 = 4*l + 4*w - 2*w - c. What is the greatest common factor of l and p?
11
Let i = 94 - 51. Let z = i - 25. Let n(q) = 46*q**2 - 1. Let c be n(1). Calculate the greatest common factor of z and c.
9
Let u = 1 + 2. Suppose 185 = u*l - 5*j, l + 2*j = 4*j + 61. Calculate the highest common divisor of l and 13.
13
Let a(p) = p**3 + 7*p**2 + 5*p + 12. Let i be a(-5). What is the greatest common divisor of i and 111?
37
Let l = -33 - -46. Calculate the greatest common factor of 104 and l.
13
Let x = 31 + -19. Let u be (-70)/(-9) - x/(-54). Calculate the highest common factor of 72 and u.
8
Let x = -17 - -30. Let p(j) = 3*j**3 - 9*j**2 - 9. Let w be p(4). What is the greatest common factor of x and w?
13
Let m(n) = -6*n. Let c be m(-1). Let v = c - 4. Let u be 6/(-8)*2*-2. Calculate the highest common factor of v and u.
1
Suppose 3*f + 2*h = 2*f + 11, 3*f + 3*h - 27 = 0. What is the greatest common divisor of f and 14?
7
Let x(d) = -d**3 - 8*d**2 - 6*d + 10. Let f be x(-7). Suppose f*l - l - 19 = -5*b, -b + 5 = l. What is the highest common factor of 2 and l?
2
Suppose 0 = -3*y - 3*b - 2*b + 452, 4*y + 5*b - 596 = 0. Calculate the greatest common factor of y and 16.
16
Suppose 17 + 12 = 2*m - b, -5*b = -4*m + 73. Let t = 124 - m. What is the greatest common factor of t and 14?
14
Let o = 52 - 20. Let i = -23 + o. What is the highest common factor of 1 and i?
1
Suppose 4*z + 598 = 5*v, 0*z - 466 = -4*v - 3*z. Calculate the greatest common divisor of v and 177.
59
Let o(j) = 8*j + 8. Let d be o(5). What is the greatest common factor of d and 12?
12
Let k be -8*((-10)/(-8) + -2). L